
-101000000
In base 5, what is -41 + 3?
-33
In base 14, what is -3 - -23?
20
In base 2, what is -100 + -111100111?
-111101011
In base 5, what is 11110 + 4?
11114
In base 14, what is -2 - -74?
72
In base 3, what is -200101 - -12?
-200012
In base 8, what is -2254 - 0?
-2254
In base 14, what is 5 + -a69?
-a64
In base 2, what is -100 - -11101?
11001
In base 16, what is f8d + 4?
f91
In base 3, what is 20 - 122?
-102
In base 8, what is -1 + 6212?
6211
In base 12, what is 32a0 + 4?
32a4
In base 3, what is -10211102 - 2?
-10211111
In base 4, what is -2211 + 12?
-2133
In base 4, what is -23 + -103?
-132
In base 11, what is -712a + -3?
-7132
In base 15, what is b8d5 - 4?
b8d1
In base 14, what is 23 - -2a?
4d
In base 15, what is 3 + -72?
-6e
In base 15, what is -4 + -77?
-7b
In base 14, what is 0 + 87?
87
In base 3, what is 10011002 + 11?
10011020
In base 14, what is 3 - -4a?
4d
In base 9, what is -346 - 60?
-416
In base 6, what is 1134 - -4?
1142
In base 12, what is -23 - -275?
252
In base 6, what is 102 + 12?
114
In base 10, what is -35 + -12?
-47
In base 12, what is 4 - -261?
265
In base 12, what is -183 - 7?
-18a
In base 3, what is 2 - -100?
102
In base 4, what is -23 + -32?
-121
In base 9, what is -3 - -2515?
2512
In base 4, what is -3 - -1?
-2
In base 12, what is -745 + 0?
-745
In base 12, what is 1 + -50?
-4b
In base 9, what is 2 - 588?
-586
In base 11, what is 1671 - 0?
1671
In base 4, what is 2 + -121?
-113
In base 13, what is -253 - 5?
-258
In base 15, what is -11 - 724?
-735
In base 4, what is 320 - 21?
233
In base 10, what is -7 + -2649?
-2656
In base 5, what is 233 - 3?
230
In base 12, what is 11a - 25?
b5
In base 4, what is 1013101 + -1?
1013100
In base 10, what is -52 - 5?
-57
In base 14, what is -28 - 0?
-28
In base 12, what is -8a9 - b?
-8b8
In base 5, what is -1 + 1244?
1243
In base 4, what is 11 + 222110?
222121
In base 14, what is 19 + -3?
16
In base 15, what is 15 - -6?
1b
In base 12, what is 3720 + 2?
3722
In base 8, what is 56 + 0?
56
In base 11, what is 3 + 782?
785
In base 11, what is -3432 - -3?
-342a
In base 6, what is -543 - -22?
-521
In base 3, what is -1100010 - -10?
-1100000
In base 13, what is -1 + -3?
-4
In base 9, what is -28 - -7?
-21
In base 9, what is 2 - -23?
25
In base 10, what is 5 - -490?
495
In base 10, what is 217 + 55?
272
In base 3, what is 12 - -22120?
22202
In base 14, what is -2 - -17?
15
In base 2, what is -110 + -11011?
-100001
In base 15, what is -14 - -7?
-c
In base 8, what is -2145 - 0?
-2145
In base 15, what is -b + -138?
-144
In base 7, what is -2 - 6?
-11
In base 16, what is 166 + 1?
167
In base 15, what is -4 - -4c8?
4c4
In base 7, what is 12 + -6025?
-6013
In base 12, what is 64 + 0?
64
In base 10, what is 33 - -1?
34
In base 5, what is -123 - 341?
-1014
In base 10, what is 0 + 133?
133
In base 9, what is 845 - 2?
843
In base 4, what is -33 + 10121?
10022
In base 10, what is -3 - 1782?
-1785
In base 2, what is 11001 + 0?
11001
In base 2, what is -1001100100 - 100?
-1001101000
In base 11, what is 561 - 10?
551
In base 14, what is 1 - -61?
62
In base 16, what is 43 - 18?
2b
In base 3, what is 10 + 12001?
12011
In base 4, what is 30320 + 0?
30320
In base 10, what is 35685 + 2?
35687
In base 9, what is 133 - -28?
162
In base 10, what is 498 - -12?
510
In base 13, what is -11 + -33b?
-34c
In base 12, what is -1 - 452?
-453
In base 5, what is 44413 + 10?
44423
In base 13, what is 85 - -5?
8a
In base 10, what is 4 - 857?
-853
In base 3, what is 0 - 2220?
-2220
In base 5, what is 2 + 2?
4
In base 12, what is 9 + 1771?
177a
In base 15, what is -3 - 9b?
-9e
In base 9, what is -74 - 2?
-76
In base 15, what is 111 + -4?
10c
In base 16, what is -213 + 0?
-213
In base 16, what is 1a8 - -4?
1ac
In base 16, what is 3 - 17?
-14
In base 5, what is 3 - 1211?
-1203
In base 6, what is 51 - -13?
104
In base 4, what is -33120 + 2?
-33112
In base 16, what is d - e?
-1
In base 8, what is -1 + -11?
-12
In base 12, what is a72a - 5?
a725
In base 8, what is -504 + 13?
-471
In base 13, what is 2b8 + 34?
31c
In base 4, what is 3 + 200?
203
In base 7, what is 2 - 232?
-230
In base 6, what is -1005 + -4?
-1013
In base 9, what is 4 - 132?
-127
In base 13, what is 10 + 25?
35
In base 8, what is 5 - -47?
54
In base 16, what is -e - -1e?
10
In base 6, what is 1220 - 5?
1211
In base 3, what is 1202 + 1022?
10001
In base 13, what is 3 - -45?
48
In base 5, what is -10 - 201?
-211
In base 15, what is -7 - -688?
681
In base 7, what is 14 - 116?
-102
In base 3, what is -220022 + -222?
-221021
In base 8, what is -63 + 6?
-55
In base 15, what is -5 - d?
-13
In base 10, what is -2112 + 9?
-2103
In base 16, what is 1589 - -3?
158c
In base 13, what is 2 - -40?
42
In base 8, what is 33214 + 0?
33214
In base 15, what is 5 + -68?
-63
In base 16, what is -3ae2 - 2?
-3ae4
In base 9, what is -47 - -15?
-32
In base 10, what is 5 + -368?
-363
In base 3, what is -1011011 + 10?
-1011001
In base 4, what is 33 - -20?
113
In base 3, what is -20 + -1001122?
-1001212
In base 7, what is 5 - -151?
156
In base 4, what is 23032 + -1?
23031
In base 10, what is -11 - -1342?
1331
In base 10, what is -1 + 7554?
7553
In base 2, what is -10011000 - -1000?
-10010000
In base 4, what is 32213 - -13?
32232
In base 15, what is 19 - -1e1?
20a
In base 5, what is 1123 - 30?
1043
In base 5, what is -200411 + -1?
-200412
In base 6, what is -12 - -2501?
2445
In base 12, what is -2b9 + 0?
-2b9
In base 8, what is -411 + -53?
-464
In base 14, what is 68d1 + -1?
68d0
In base 14, what is 4 - 1a?
-16
In base 6, what is -4 - -1111?
1103
In base 5, what is -3 - 104?
-112
In base 12, what is -14a9 + -4?
-14b1
In base 4, what is 11120 + -10?
11110
In base 9, what is 10 + -5?
4
In base 7, what is -5 + 2430?
2422
In base 12, what is -2 - -881?
87b
In base 4, what is 2132 - 11?
2121
In base 3, what is 122 + 10?
202
In base 6, what is -32 + -2024?
-2100
In base 11, what is 1887 - -4?
1890
In base 7, what is 5 - -1250?
1255
In base 3, what is 11211 - 121?
11020
In base 13, what is -2 - 429?
-42b
In base 3, what is -101212 - 12?
-102001
In base 15, what is 4e + 4?
53
In base 11, what is 1 + 280?
281
In base 12, what is -25a + 1?
-259
In base 10, what is -144 + -6?
-150
In base 9, what is 2 - 484?
-482
In base 15, what is -e4 - 2?
-e6
In base 12, what is -369 - 7?
-374
In base 5, what is 13043 + 13?
13111
In base 14, what is -8 - -22?
18
In base 4, what is -12303 + -113?
-13022
In base 3, what is -100 + 1202?
1102
In base 9, what is -3 - -6221?
6217
In base 2, what is 0 - -10011?
10011
In base 6, what is -2005 + -2?
-2011
In base 2, what is 1001111010 - -111?
1010000001
In base 6, what is 4251 - 1?
4250
In base 3, what is 12 - 11110?
-11021
In base 7, what is -550 - 41?
-621
In base 9, what is -421 + -8?
-430
In base 6, what is 3 + 41?
44
In base 9, what is 2 - 2024?
-2022
In base 14, what is b8 - 3?
b5
In base 5, what is 0 - -20?
20
In base 15, what is -3 - 2202?
-2205
In base 9, what is -1 + 705?
704
In base 12, what is -3 - -692?
68b
In base 2, what is -1101101 + -100?
-1110001
In base 8, what is 2 - -64?
66
In base 2, what is 1001 - 10001?
-1000
In base 3, what is 11 + 1?
12
In base 14, what is 4 + -ad8?
-ad4
In base 6, what is 10 + -133?
-123
In base 15, what is 3 - -5?
8
In base 2, what is 1110 - 1011000101?
-1010110111
In base 6, what is 3 - -1152?
1155
In base 13, what is c - 10?
-1
In base 12, what is 5 + 23?
28
In base 15, what is 6 - -2a?
31
In base 7, what is 11 + 14622?
14633
In base 3, what is -12 + -100?
-112
In base 3, what is -1 + -12102221?
-12102222
In base 12, what is 35 - -1b?
54
In base 11, what is 38 - -3?
40
In base 12, what is 1 - 93b?
-93a
In base 13, what is -681 - 2?
-683
In base 12, what is -4 + -328?
-330
In base 12, what is -570 - a?
-57a
In base 14, what is 296 + -4?
292
In base 4, what is -1333 + -11?
-2010
In base 14, what is -5d8 - 10?
-608
In base 10, what is -229 - 39?
-268
In base 15, what is -100 - -20?
-d0
In base 16, what is -7 + -69?
-70
In base 14, what is -7 + 76c?
765
In base 13, what is -7b + -4?
-82
In base 6, what is 4243 - -1?
4244
In base 14, what is -29c - 3?
-2a1
In base 8, what is -5020 + 5?
-5013
In base 4, what is -10 - -333200?
333130
In base 12, what is -3b47 - -5?
-3b42
In base 9, what is 4 - 131?
-126
In base 4, what is 3 + 113?
122